.
539
Let r(p) = 25*p**2 + 1349*p - 36. What is r(-54)?
18
Let f(k) = 111*k**3 + 7*k**2 + 23*k + 16. Give f(-2).
-890
Let y(c) = -1773*c - 12502. What is y(-7)?
-91
Let x(b) = 2*b**2 - 147*b - 936. What is x(-6)?
18
Let v(q) = -96*q**2 + 111*q - 322. Determine v(3).
-853
Let b(l) = l**2 + 19*l + 31. Give b(32).
1663
Let x(u) = 56*u**2 - 1019*u - 7. What is x(18)?
-205
Let i(x) = 26*x**3 + 213*x**2 - 44*x - 1. Give i(-6).
2315
Let g(r) = -43*r**3 + 2*r**2 + 85*r + 248. What is g(-3)?
1172
Let l(h) = 23811*h**2 + 238135*h + 246. Determine l(-10).
-4
Let u(m) = 12*m**3 - 4777*m**2 - 4416*m + 10777. Give u(399).
4
Let j(s) = -45*s**3 - 5*s**2 + 9790*s + 9793. Calculate j(-1).
43
Let f(t) = 7*t**2 + 253*t + 5310. What is f(-23)?
3194
Let t(c) = -1695*c - 52626. Calculate t(-31).
-81
Let h(a) = 3*a**3 - 1256*a**2 + 4591*a - 10832. Calculate h(415).
-42
Let y(t) = 9*t**3 - 98*t**2 - 508*t - 30. Give y(-6).
-2454
Let t(p) = -1938639*p + 15. Calculate t(0).
15
Let h(s) = 2*s**3 - 228*s**2 - 459*s - 585. Give h(116).
-5
Let h(v) = -5*v**2 - 294*v + 1442. Give h(-24).
5618
Let b(v) = -v**3 - 24*v**2 - 2489*v - 56793. Calculate b(-23).
-75
Let s(v) = v**2 - 42*v + 515. Calculate s(17).
90
Let m(z) = -13*z - 1670. Calculate m(-62).
-864
Let f(b) = 9455*b - 66185. Calculate f(7).
0
Let g(a) = a**2 - 1221*a + 49. Give g(0).
49
Let x(o) = 5664*o + 606045. What is x(-107)?
-3
Let x(g) = -54347*g + 271811. Give x(5).
76
Let o(w) = -657*w + 1112. Calculate o(2).
-202
Let l(g) = -2*g**3 - 136*g**2 - 785*g - 17475. Calculate l(-64).
-3
Let q(k) = -2584*k**3 + 15*k**2 - 8*k. Determine q(1).
-2577
Let s(c) = -1624*c + 100690. Calculate s(62).
2
Let b(z) = -13*z**2 + 251*z - 12. Calculate b(14).
954
Let o(k) = 6*k**2 + 4887*k - 24556. Determine o(5).
29
Let t(j) = j**3 - 18*j**2 - 752*j - 477. Give t(39).
2136
Let i(f) = f**2 + 1885*f - 51546. Calculate i(27).
78
Let r(q) = q**2 + 811652*q - 6493282. Calculate r(8).
-2
Let h(x) = -8612*x + 318537. Calculate h(37).
-107
Let n(m) = 7032*m - 309727. Give n(44).
-319
Let m(y) = -2*y**3 - 42*y**2 + 1211*y + 16232. What is m(-32)?
8
Let x(b) = -b**3 + 6*b**2 - 11635*b + 69898. Give x(6).
88
Let l(a) = a**3 + 23*a**2 - 1402*a + 70. Determine l(27).
-1334
Let k(m) = 5*m**2 - 3037*m + 15185. Determine k(5).
125
Let g(m) = -27283*m + 3792371. What is g(139)?
34
Let n(m) = m**3 + 31*m**2 + 47*m - 654. Determine n(-32).
-3182
Let c(u) = -1071*u - 5957. Calculate c(-7).
1540
Let n(x) = -x**3 + 37*x**2 + 50*x - 215. Give n(38).
241
Let n(d) = -7888*d**2 - 646820*d - 325. Determine n(-82).
3
Let z(y) = 2*y**2 + y - 2642. Calculate z(45).
1453
Let x(a) = a**3 - 7*a**2 - 276*a - 512. Calculate x(-2).
4
Let k(j) = 423*j - 102997. Determine k(242).
-631
Let r(z) = -z**2 - 11307*z + 899496. Give r(79).
2
Let l(k) = 37855*k - 20971684. Give l(554).
-14
Let n(d) = -6265*d + 18801. Determine n(3).
6
Let j(n) = 749*n - 39720. Calculate j(53).
-23
Let j(l) = 12*l**2 - 846362*l + 1692718. Determine j(2).
42
Let v(x) = 487*x - 661. Give v(1).
-174
Let q(t) = 2*t**2 + 314014*t - 2198208. What is q(7)?
-12
Let r(b) = 469*b - 3380. Give r(7).
-97
Let b(x) = 33290*x + 1131752. Calculate b(-34).
-108
Let t(j) = 684*j + 1982. Give t(-4).
-754
Let w(p) = 186*p**2 - 1811*p - 3613. Determine w(-2).
753
Let c(i) = 136828*i - 820964. Give c(6).
4
Let k(j) = j**3 + 91*j**2 - 1665*j - 313. What is k(16)?
439
Let q(w) = 3*w**3 - 18*w**2 + 45*w - 404. Calculate q(9).
730
Let z(s) = 4*s**3 - 5*s**2 - 234*s + 18. Calculate z(-9).
-1197
Let j(v) = v**2 + 1033*v - 21059. What is j(20)?
1
Let g(s) = 889*s - 6919. Give g(8).
193
Let z(j) = 7*j**2 - 347*j - 88. Determine z(50).
62
Let z(c) = 3*c**3 - 882*c - 4466. Give z(-5).
-431
Let p(g) = -g**3 + 29*g**2 + 267*g - 7657. What is p(29)?
86
Let z(s) = -567*s + 3787. Give z(7).
-182
Let m(r) = -6331*r - 1139564. What is m(-180)?
16
Let j(b) = -b**3 + 68*b - 284. Calculate j(8).
-252
Let t(m) = -64*m**3 - 6783*m**2 + 112*m + 755. What is t(-106)?
119
Let r(s) = -1668*s - 1177608. Give r(-706).
0
Let o(u) = -u**2 - 3684*u - 95116. Calculate o(-26).
-8
Let h(q) = -2*q**2 - 194*q + 3131. What is h(-111)?
23
Let k(r) = 2010*r + 5808. Determine k(-3).
-222
Let p(j) = -10608*j - 307645. Determine p(-29).
-13
Let c(k) = -7*k**2 - 6897*k + 196489. Calculate c(-1013).
-33
Let c(z) = -21*z**2 - 1345*z - 135. Calculate c(-63).
1251
Let y(a) = 3*a**2 + 302*a - 165675. Calculate y(190).
5
Let s(g) = -148838*g + 595277. What is s(4)?
-75
Let n(q) = -56*q**2 + 2*q + 201. Give n(5).
-1189
Let t(q) = 4*q**3 + 198*q**2 + 1902*q + 59. Give t(-13).
7
Let u(y) = 51*y**2 + 29*y + 70. Calculate u(-2).
216
Let v(h) = -154*h - 57145. What is v(-371)?
-11
Let q(l) = -65*l**2 + 3361*l - 2248. What is q(51)?
98
Let f(x) = -x**3 - 11*x**2 + x - 135. Calculate f(-9).
-306
Let w(c) = c**3 + 4*c**2 + 10*c + 26. Calculate w(-3).
5
Let y(z) = 22*z**3 - 91*z**2 - 16*z + 40. Determine y(4).
-72
Let f(a) = -458*a**2 - 48551*a - 196. Give f(-106).
122
Let v(x) = -2103*x - 21589. Give v(-10).
-559
Let p(j) = 96*j**3 - 774*j**2 + 45*j - 1. Calculate p(8).
-25
Let l(i) = -i**3 + 167*i**2 - 18*i + 3476. Calculate l(167).
470
Let w(q) = 2*q**3 - 96*q**2 + 87*q + 307. Calculate w(47).
-22
Let h(b) = -47*b**2 - 777*b - 2859. Determine h(-11).
1
Let c(y) = 4*y**2 + 20302*y - 142333. Calculate c(7).
-23
Let r(f) = -24766*f + 173339. Determine r(7).
-23
Let o(j) = -j**2 - 4058*j + 1058745. Give o(246).
-39
Let k(p) = p**2 - 4*p - 280. What is k(31)?
557
Let n(g) = 128773*g + 3863205. Give n(-30).
15
Let b(v) = -v**3 - 52*v**2 + 523*v - 1325. Calculate b(-61).
261
Let g(w) = -20025*w - 4505623. Give g(-225).
2
Let r(l) = 6*l**3 + 4*l**2 + 7*l + 135. Calculate r(-4).
-213
Let q(i) = 11641*i - 104769. Determine q(9).
0
Let n(s) = s**2 + 967*s + 134858. Give n(-169).
-4
Let k(x) = -x**3 - 257*x**2 - 5864*x + 32809. Determine k(-231).
7
Let i(v) = v**2 - 30039*v + 840313. What is i(28)?
5
Let s(n) = -37307*n + 149144. Determine s(4).
-84
Let p(n) = n**3 + 261*n**2 - 1281*n + 13050. Give p(-266).
16
Let b(d) = -10*d**3 + 410*d**2 - 29*d + 501. Give b(41).
-688
Let z(n) = n**3 - 37*n**2 - 128*n + 1937. What is z(39)?
-13
Let v(d) = -d**3 - 55*d**2 - 140*d - 756. Calculate v(-53).
1046
Let a(v) = 259*v + 9126. What is a(-37)?
-457
Let n(u) = -6*u**3 - 103*u**2 + 76*u + 1041. Determine n(-17).
-540
Let x(m) = 3222*m**2 + 16102*m. What is x(-5)?
40
Let w(k) = 47*k**2 + 586*k + 35. Determine w(-12).
-229
Let v(l) = -2591*l - 12955. Determine v(-5).
0
Let y(i) = -i**3 + 14*i**2 - 30*i - 18. Give y(5).
57
Let b(z) = z**2 - 45*z + 1313. What is b(31)?
879
Let v(w) = -3*w**3 + 727*w**2 + 3455*w + 753. Give v(247).
12
Let s(a) = 5*a**2 + 13367*a - 228677. Determine s(17).
7
Let o(q) = 2*q**3 - 18*q**2 + 148*q - 684. Calculate o(6).
-12
Let a(u) = 17*u**2 + 4510*u + 6060. What is a(-264)?
252
Let m(h) = -54*h**3 + 3673*h**2 - 113*h + 3058. Determine m(68).
-2
Let r(d) = -10135*d - 141448. Give r(-14).
442
Let i(f) = 96610*f - 4733860. Calculate i(49).
30
Let r(s) = -s**2 + 327*s - 26359. What is r(164)?
373
Let d(t) = -791*t + 42747. What is d(54)?
33
Let h(q) = -q**3 + 371*q**2 - 15510*q + 284. What is h(48)?
-4
Let w(n) = 28570*n - 85727. Give w(3).
-17
Let t(j) = -j**3 - 224*j**2 - 1100*j - 785. Determine t(-219).
310
Let d(s) = 4740*s + 28220. Give d(-6).
-220
Let g(h) = -235*h**2 - 927*h - 94. What is g(-5)?
-1334
Let d(p) = -8*p**2 + 906*p + 943. Determine d(-1).
29
Let w(d) = 5*d**2 - 1893*d - 19476. What is w(-10)?
-46
Let p(i) = -2*i**2 - 22268*i + 47. Determine p(0).
47
Let z(n) = -732*n**2 - 2181*n + 18. Determine z(-3).
-27
Let k(m) = -34058*m + 169894. Determine k(5).
-396
Let d(w) = -w**3 - 226*w**2 + 2859*w + 714. Give d(-238).
0
Let p(d) = -5014*d + 15098. Give p(3).
56
Let f(b) = -32*b - 1646. What is f(-109)?
1842
Let t(p) = -401*p - 7193. Determine t(-18).
25
Let p(w) = -36856*w + 221013. Determine p(6).
-123
Let d(t) = 48*t**2 + 705*t + 2478. Calculate d(-8).
-90
Let i(u) = 685*u + 19800. Determine i(-29).
-65
Let u(y) = 28765*y - 86295. What is u(3)?
0
Let h(q) = 185571*q - 185509. What is h(1)?
62
Let o(m) = 10*m**3 + 19*m**2 - 128*m. Calculate o(3).
57
Let q(d) = -2225*d + 51120. What is q(23)?
-55
Let l(f) = -5660*f + 11352. Give l(2).
32
Let b(y) = -4